{"id":649,"date":"2025-03-29T01:52:48","date_gmt":"2025-03-29T01:52:48","guid":{"rendered":"https:\/\/plum-salmon-961301.hostingersite.com\/?page_id=649"},"modified":"2025-05-03T19:42:25","modified_gmt":"2025-05-03T19:42:25","slug":"biografia","status":"publish","type":"page","link":"https:\/\/danek.net\/wiersze-i-piosenki\/biografia\/","title":{"rendered":"biografia"},"content":{"rendered":"\n<div class=\"wp-block-uagb-container uagb-block-3261653f alignfull uagb-is-root-container\"><div class=\"uagb-container-inner-blocks-wrap\">\n<div class=\"wp-block-uagb-container uagb-block-8977f875\">\n<div class=\"wp-block-uagb-container uagb-block-c6e686d7\">\n<p>Urodzi\u0142em si\u0119 w Chrzanowie, tam te\u017c stawia\u0142em swoje pierwsze kroki muzyczne i tek\u015bciarskie. W liceum przewin\u0105\u0142em si\u0119 przez kilka miejscowych zespo\u0142\u00f3w rockowych i zacz\u0105\u0142em pisa\u0107 swoje w\u0142asne utwory. Jednocze\u015bnie z gitar\u0105 elektryczn\u0105 i rockiem interesowa\u0142em si\u0119 te\u017c \u0142agodniejsz\u0105 stron\u0105 piosenki \u2013 poezj\u0105 \u015bpiewan\u0105.<\/p>\n\n\n\n<p>Jako autor i wykonawca zadebiutowa\u0142em na Studenckim Festiwalu Piosenki w roku 1986. Od tego czasu zwi\u0105za\u0142em si\u0119 z krakowskim \u015brodowiskiem piosenkarzy studenckich, a w szczeg\u00f3lno\u015bci z klubem \u201ePod Jaszczurami\u201d.<\/p>\n<\/div>\n\n\n\n<div class=\"wp-block-uagb-container uagb-block-5764a580\">\n<figure class=\"wp-block-image size-full has-custom-border\"><img loading=\"lazy\" decoding=\"async\" width=\"512\" height=\"512\" src=\"http:\/\/danek.net\/wp-content\/uploads\/2023\/09\/cropped-krakow-1.png\" alt=\"\" class=\"wp-image-380\" style=\"border-radius:16px\" srcset=\"https:\/\/danek.net\/wp-content\/uploads\/2023\/09\/cropped-krakow-1.png 512w, https:\/\/danek.net\/wp-content\/uploads\/2023\/09\/cropped-krakow-1-300x300.png 300w, https:\/\/danek.net\/wp-content\/uploads\/2023\/09\/cropped-krakow-1-150x150.png 150w\" sizes=\"auto, (max-width: 512px) 100vw, 512px\" \/><\/figure>\n<\/div>\n<\/div>\n\n\n\n<p class=\"has-very-light-gray-to-cyan-bluish-gray-gradient-background has-background has-medium-font-size\" style=\"margin-top:0;margin-right:var(--wp--preset--spacing--50);margin-bottom:0;margin-left:var(--wp--preset--spacing--50)\"><em>\u2026wielu m\u0142odych artyst\u00f3w (\u2026) pisa\u0142o i \u015bpiewa\u0142o teksty pe\u0142ne zachwyt\u00f3w nad wschodami i zachodami s\u0142o\u0144ca, nad kolorem nieba i trawy. Niewielu wszak\u017ce przekroczy\u0142o granice grafomanii, czy \u0142askawiej s\u0105dz\u0105c \u2013 naiwno\u015bci. Jednym z tych niewielu by\u0142 Maciej Danek.<\/em><br><br>Jan Poprawa, \u201eTrzynastu Poet\u00f3w\u201d, Wydawnictwo MCDN, Krak\u00f3w 2003<\/p>\n\n\n\n<p style=\"margin-right:var(--wp--preset--spacing--50);margin-left:var(--wp--preset--spacing--50)\"><\/p>\n<\/div><\/div>\n\n\n\n<div class=\"wp-block-uagb-container uagb-block-dd9f9e12 alignfull uagb-is-root-container\"><div class=\"uagb-container-inner-blocks-wrap\">\n<div class=\"wp-block-uagb-container uagb-block-e9c59168\">\n<figure class=\"wp-block-image size-large is-resized has-custom-border is-style-default\"><img loading=\"lazy\" decoding=\"async\" width=\"1024\" height=\"821\" src=\"https:\/\/danek.net\/wp-content\/uploads\/2025\/04\/IMG_6324-1024x821.jpg\" alt=\"\" class=\"wp-image-738\" style=\"border-radius:16px;width:503px;height:auto\" srcset=\"https:\/\/danek.net\/wp-content\/uploads\/2025\/04\/IMG_6324-1024x821.jpg 1024w, https:\/\/danek.net\/wp-content\/uploads\/2025\/04\/IMG_6324-300x240.jpg 300w, https:\/\/danek.net\/wp-content\/uploads\/2025\/04\/IMG_6324-768x616.jpg 768w, https:\/\/danek.net\/wp-content\/uploads\/2025\/04\/IMG_6324.jpg 1481w\" sizes=\"auto, (max-width: 1024px) 100vw, 1024px\" \/><\/figure>\n<\/div>\n\n\n\n<div class=\"wp-block-uagb-container uagb-block-6eda6008\">\n<p style=\"font-size:22px\">Wyst\u0119powa\u0142em na scenach krakowskich klub\u00f3w studenckich, a wkr\u00f3tce r\u00f3wnie\u017c poza Krakowem. W ci\u0105gu kilku lat zdoby\u0142em szereg&nbsp;nagr\u00f3d i wyr\u00f3\u017cnie\u0144&nbsp;na og\u00f3lnopolskich festiwalach i przegl\u0105dach piosenkarskich. Od roku 1988 jestem cz\u0142onkiem&nbsp;Zwi\u0105zku Polskich Autor\u00f3w i Kompozytor\u00f3w ZAKR.<\/p>\n\n\n\n<p style=\"font-size:22px\">Od roku 1992 mieszkam Kalifornii, gdzie od czasu do czasu udzielam si\u0119 w miejscowym \u015brodowisku polonijnym, organizuj\u0105c imprezy z udzia\u0142em lokalnych artyst\u00f3w. Jednym z takich przedsi\u0119wzi\u0119\u0107 jest cykliczny wiecz\u00f3r z muzyk\u0105 i poezj\u0105 \u201eZatoka Poezji\u201d.<\/p>\n<\/div>\n<\/div><\/div>\n\n\n\n<p><\/p>\n","protected":false},"excerpt":{"rendered":"<p>Urodzi\u0142em si\u0119 w Chrzanowie, tam te\u017c stawia\u0142em swoje pierwsze kroki muzyczne i tek\u015bciarskie. W liceum przewin\u0105\u0142em si\u0119 przez kilka miejscowych [&hellip;]<\/p>\n","protected":false},"author":1,"featured_media":0,"parent":0,"menu_order":0,"comment_status":"closed","ping_status":"closed","template":"","meta":{"_uag_custom_page_level_css":"","site-sidebar-layout":"default","site-content-layout":"","ast-site-content-layout":"default","site-content-style":"default","site-sidebar-style":"default","ast-global-header-display":"","ast-banner-title-visibility":"","ast-main-header-display":"","ast-hfb-above-header-display":"","ast-hfb-below-header-display":"","ast-hfb-mobile-header-display":"","site-post-title":"","ast-breadcrumbs-content":"","ast-featured-img":"","footer-sml-layout":"","ast-disable-related-posts":"","theme-transparent-header-meta":"","adv-header-id-meta":"","stick-header-meta":"","header-above-stick-meta":"","header-main-stick-meta":"","header-below-stick-meta":"","astra-migrate-meta-layouts":"default","ast-page-background-enabled":"default","ast-page-background-meta":{"desktop":{"background-color":"var(--ast-global-color-5)","background-image":"","background-repeat":"repeat","background-position":"center center","background-size":"auto","background-attachment":"scroll","background-type":"","background-media":"","overlay-type":"","overlay-color":"","overlay-opacity":"","overlay-gradient":""},"tablet":{"background-color":"","background-image":"","background-repeat":"repeat","background-position":"center center","background-size":"auto","background-attachment":"scroll","background-type":"","background-media":"","overlay-type":"","overlay-color":"","overlay-opacity":"","overlay-gradient":""},"mobile":{"background-color":"","background-image":"","background-repeat":"repeat","background-position":"center center","background-size":"auto","background-attachment":"scroll","background-type":"","background-media":"","overlay-type":"","overlay-color":"","overlay-opacity":"","overlay-gradient":""}},"ast-content-background-meta":{"desktop":{"background-color":"var(--ast-global-color-4)","background-image":"","background-repeat":"repeat","background-position":"center center","background-size":"auto","background-attachment":"scroll","background-type":"","background-media":"","overlay-type":"","overlay-color":"","overlay-opacity":"","overlay-gradient":""},"tablet":{"background-color":"var(--ast-global-color-4)","background-image":"","background-repeat":"repeat","background-position":"center center","background-size":"auto","background-attachment":"scroll","background-type":"","background-media":"","overlay-type":"","overlay-color":"","overlay-opacity":"","overlay-gradient":""},"mobile":{"background-color":"var(--ast-global-color-4)","background-image":"","background-repeat":"repeat","background-position":"center center","background-size":"auto","background-attachment":"scroll","background-type":"","background-media":"","overlay-type":"","overlay-color":"","overlay-opacity":"","overlay-gradient":""}},"footnotes":""},"class_list":["post-649","page","type-page","status-publish","hentry"],"uagb_featured_image_src":{"full":false,"thumbnail":false,"medium":false,"medium_large":false,"large":false,"1536x1536":false,"2048x2048":false},"uagb_author_info":{"display_name":"danekma","author_link":"https:\/\/danek.net\/wiersze-i-piosenki\/author\/danekma\/"},"uagb_comment_info":0,"uagb_excerpt":"Urodzi\u0142em si\u0119 w Chrzanowie, tam te\u017c stawia\u0142em swoje pierwsze kroki muzyczne i tek\u015bciarskie. W liceum przewin\u0105\u0142em si\u0119 przez kilka miejscowych [&hellip;]","_links":{"self":[{"href":"https:\/\/danek.net\/wiersze-i-piosenki\/wp-json\/wp\/v2\/pages\/649","targetHints":{"allow":["GET"]}}],"collection":[{"href":"https:\/\/danek.net\/wiersze-i-piosenki\/wp-json\/wp\/v2\/pages"}],"about":[{"href":"https:\/\/danek.net\/wiersze-i-piosenki\/wp-json\/wp\/v2\/types\/page"}],"author":[{"embeddable":true,"href":"https:\/\/danek.net\/wiersze-i-piosenki\/wp-json\/wp\/v2\/users\/1"}],"replies":[{"embeddable":true,"href":"https:\/\/danek.net\/wiersze-i-piosenki\/wp-json\/wp\/v2\/comments?post=649"}],"version-history":[{"count":16,"href":"https:\/\/danek.net\/wiersze-i-piosenki\/wp-json\/wp\/v2\/pages\/649\/revisions"}],"predecessor-version":[{"id":751,"href":"https:\/\/danek.net\/wiersze-i-piosenki\/wp-json\/wp\/v2\/pages\/649\/revisions\/751"}],"wp:attachment":[{"href":"https:\/\/danek.net\/wiersze-i-piosenki\/wp-json\/wp\/v2\/media?parent=649"}],"curies":[{"name":"wp","href":"https:\/\/api.w.org\/{rel}","templated":true}]}}

<div class="wp-block-uagb-container uagb-block-3261653f alignfull uagb-is-root-container"><div class="uagb-container-inner-blocks-wrap">
<div class="wp-block-uagb-container uagb-block-8977f875">
<div class="wp-block-uagb-container uagb-block-c6e686d7">
<p>Urodziłem się w Chrzanowie, tam też stawiałem swoje pierwsze kroki muzyczne i tekściarskie. W liceum przewinąłem się przez kilka miejscowych zespołów rockowych i zacząłem pisać swoje własne utwory. Jednocześnie z gitarą elektryczną i rockiem interesowałem się też łagodniejszą stroną piosenki – poezją śpiewaną.</p>



<p>Jako autor i wykonawca zadebiutowałem na Studenckim Festiwalu Piosenki w roku 1986. Od tego czasu związałem się z krakowskim środowiskiem piosenkarzy studenckich, a w szczególności z klubem „Pod Jaszczurami”.</p>
</div>



<div class="wp-block-uagb-container uagb-block-5764a580">
<figure class="wp-block-image size-full has-custom-border"><img loading="lazy" decoding="async" width="512" height="512" src="http://danek.net/wp-content/uploads/2023/09/cropped-krakow-1.png" alt="" class="wp-image-380" style="border-radius:16px" srcset="https://danek.net/wp-content/uploads/2023/09/cropped-krakow-1.png 512w, https://danek.net/wp-content/uploads/2023/09/cropped-krakow-1-300x300.png 300w, https://danek.net/wp-content/uploads/2023/09/cropped-krakow-1-150x150.png 150w" sizes="auto, (max-width: 512px) 100vw, 512px" /></figure>
</div>
</div>



<p class="has-very-light-gray-to-cyan-bluish-gray-gradient-background has-background has-medium-font-size" style="margin-top:0;margin-right:var(--wp--preset--spacing--50);margin-bottom:0;margin-left:var(--wp--preset--spacing--50)"><em>…wielu młodych artystów (…) pisało i śpiewało teksty pełne zachwytów nad wschodami i zachodami słońca, nad kolorem nieba i trawy. Niewielu wszakże przekroczyło granice grafomanii, czy łaskawiej sądząc – naiwności. Jednym z tych niewielu był Maciej Danek.</em><br><br>Jan Poprawa, „Trzynastu Poetów”, Wydawnictwo MCDN, Kraków 2003</p>



<p style="margin-right:var(--wp--preset--spacing--50);margin-left:var(--wp--preset--spacing--50)"></p>
</div></div>



<div class="wp-block-uagb-container uagb-block-dd9f9e12 alignfull uagb-is-root-container"><div class="uagb-container-inner-blocks-wrap">
<div class="wp-block-uagb-container uagb-block-e9c59168">
<figure class="wp-block-image size-large is-resized has-custom-border is-style-default"><img loading="lazy" decoding="async" width="1024" height="821" src="https://danek.net/wp-content/uploads/2025/04/IMG_6324-1024x821.jpg" alt="" class="wp-image-738" style="border-radius:16px;width:503px;height:auto" srcset="https://danek.net/wp-content/uploads/2025/04/IMG_6324-1024x821.jpg 1024w, https://danek.net/wp-content/uploads/2025/04/IMG_6324-300x240.jpg 300w, https://danek.net/wp-content/uploads/2025/04/IMG_6324-768x616.jpg 768w, https://danek.net/wp-content/uploads/2025/04/IMG_6324.jpg 1481w" sizes="auto, (max-width: 1024px) 100vw, 1024px" /></figure>
</div>



<div class="wp-block-uagb-container uagb-block-6eda6008">
<p style="font-size:22px">Występowałem na scenach krakowskich klubów studenckich, a wkrótce również poza Krakowem. W ciągu kilku lat zdobyłem szereg&nbsp;nagród i wyróżnień&nbsp;na ogólnopolskich festiwalach i przeglądach piosenkarskich. Od roku 1988 jestem członkiem&nbsp;Związku Polskich Autorów i Kompozytorów ZAKR.</p>



<p style="font-size:22px">Od roku 1992 mieszkam Kalifornii, gdzie od czasu do czasu udzielam się w miejscowym środowisku polonijnym, organizując imprezy z udziałem lokalnych artystów. Jednym z takich przedsięwzięć jest cykliczny wieczór z muzyką i poezją „Zatoka Poezji”.</p>
</div>
</div></div>



<p></p>

<p>Urodziłem się w Chrzanowie, tam też stawiałem swoje pierwsze kroki muzyczne i tekściarskie. W liceum przewinąłem się przez kilka miejscowych [&hellip;]</p>

Urodziłem się w Chrzanowie, tam też stawiałem swoje pierwsze kroki muzyczne i tekściarskie. W liceum przewinąłem się przez kilka miejscowych [&hellip;]
