{"id":664,"date":"2025-03-29T03:07:36","date_gmt":"2025-03-29T03:07:36","guid":{"rendered":"https:\/\/plum-salmon-961301.hostingersite.com\/?page_id=664"},"modified":"2025-04-04T21:48:16","modified_gmt":"2025-04-04T21:48:16","slug":"nagrody","status":"publish","type":"page","link":"https:\/\/danek.net\/wiersze-i-piosenki\/nagrody\/","title":{"rendered":"nagrody"},"content":{"rendered":"\n<div class=\"wp-block-uagb-container uagb-block-e29d9775 alignfull uagb-is-root-container\"><div class=\"uagb-container-inner-blocks-wrap\">\n<div class=\"wp-block-uagb-container uagb-block-624ff3fe\">\n<p class=\"has-white-color has-text-color has-link-color wp-elements-5f547ef2fdd951a7a49af1de9a3006bf\" style=\"font-size:18px\"><em>Pojawi\u0142 si\u0119 w \u015brodowisku piosenki studenckiej w Krakowie pod koniec lat osiemdziesi\u0105tych. W roku 1988 i 1989 w Studenckim Festiwalu Piosenki dwukrotnie (jako jedyny w historii) otrzyma\u0142 stypendium swego mistrza, Wojciecha Bellona. Sta\u0142 si\u0119 jedn\u0105 z najpopularniejszych postaci w kr\u0119gu piosenki autorskiej, odnosi\u0142 sukcesy klubowe.<br>(\u2026) dorobek artystyczny tego \u015bpiewajacego poety na trwa\u0142e wpisa\u0142 go w poczet wa\u017cnych tw\u00f3rc\u00f3w polskiej \u201epiosenki artystycznej\u201d.<\/em><\/p>\n\n\n\n<p class=\"has-white-color has-text-color has-link-color wp-elements-6c9b364af28109e590986b37a320c66a\" style=\"font-size:20px\">Jan Poprawa, \u201eTrzynastu Poet\u00f3w\u201d, Wydawnictwo MCDN<br>Krak\u00f3w 2003<\/p>\n<\/div>\n\n\n\n<div class=\"wp-block-uagb-container uagb-block-05d23933\">\n<p><strong>II Nagroda<\/strong>&nbsp;\u2013 Og\u00f3lnopolski Przegl\u0105d Piosenki Autorskiej (OPPA), Warszawa 1987<\/p>\n\n\n\n<p><strong>Stypendium<\/strong>&nbsp;im. Wojciecha Bellona, Studencki Festiwal Piosenki, Krak\u00f3w 1988<\/p>\n\n\n\n<p><strong>I Nagroda<\/strong>&nbsp;\u2013 Przegl\u0105d Piosenki Beskidzkiej, Rzesz\u00f3w 1989<\/p>\n\n\n\n<p><strong>II Nagroda<\/strong>&nbsp;\u2013 Studencki Festiwal Piosenki, Krak\u00f3w 1989<\/p>\n\n\n\n<p><strong>Stypendium<\/strong>&nbsp;im. Wojciecha Bellona, Studencki Festiwal Piosenki, Krak\u00f3w 1989<\/p>\n\n\n\n<p><strong>Wyr\u00f3\u017cnienie<\/strong>&nbsp;za program \u201ePo\u015brod Naszego Ma\u0142ego \u015awiata\u201d, zrealizowany z Tadeuszem Krokiem, Festiwal Artystyczny M\u0142odzie\u017cy Akademickiej FAMA, \u015awinouj\u015bcie 1989<\/p>\n\n\n\n<p><strong>Wyr\u00f3\u017cnienie<\/strong>&nbsp;za program \u201eZnowu Wracam\u201d, zrealizowany z Tadeuszem Krokiem, Festiwal Artystyczny M\u0142odzie\u017cy Akademickiej FAMA, \u015awinouj\u015bcie 1991<\/p>\n<\/div>\n<\/div><\/div>\n","protected":false},"excerpt":{"rendered":"<p>Pojawi\u0142 si\u0119 w \u015brodowisku piosenki studenckiej w Krakowie pod koniec lat osiemdziesi\u0105tych. W roku 1988 i 1989 w Studenckim Festiwalu [&hellip;]<\/p>\n","protected":false},"author":1,"featured_media":0,"parent":0,"menu_order":0,"comment_status":"closed","ping_status":"closed","template":"","meta":{"_uag_custom_page_level_css":"","site-sidebar-layout":"default","site-content-layout":"","ast-site-content-layout":"default","site-content-style":"default","site-sidebar-style":"default","ast-global-header-display":"","ast-banner-title-visibility":"","ast-main-header-display":"","ast-hfb-above-header-display":"","ast-hfb-below-header-display":"","ast-hfb-mobile-header-display":"","site-post-title":"","ast-breadcrumbs-content":"","ast-featured-img":"","footer-sml-layout":"","ast-disable-related-posts":"","theme-transparent-header-meta":"","adv-header-id-meta":"","stick-header-meta":"","header-above-stick-meta":"","header-main-stick-meta":"","header-below-stick-meta":"","astra-migrate-meta-layouts":"default","ast-page-background-enabled":"default","ast-page-background-meta":{"desktop":{"background-color":"var(--ast-global-color-5)","background-image":"","background-repeat":"repeat","background-position":"center center","background-size":"auto","background-attachment":"scroll","background-type":"","background-media":"","overlay-type":"","overlay-color":"","overlay-opacity":"","overlay-gradient":""},"tablet":{"background-color":"","background-image":"","background-repeat":"repeat","background-position":"center center","background-size":"auto","background-attachment":"scroll","background-type":"","background-media":"","overlay-type":"","overlay-color":"","overlay-opacity":"","overlay-gradient":""},"mobile":{"background-color":"","background-image":"","background-repeat":"repeat","background-position":"center center","background-size":"auto","background-attachment":"scroll","background-type":"","background-media":"","overlay-type":"","overlay-color":"","overlay-opacity":"","overlay-gradient":""}},"ast-content-background-meta":{"desktop":{"background-color":"var(--ast-global-color-4)","background-image":"","background-repeat":"repeat","background-position":"center center","background-size":"auto","background-attachment":"scroll","background-type":"","background-media":"","overlay-type":"","overlay-color":"","overlay-opacity":"","overlay-gradient":""},"tablet":{"background-color":"var(--ast-global-color-4)","background-image":"","background-repeat":"repeat","background-position":"center center","background-size":"auto","background-attachment":"scroll","background-type":"","background-media":"","overlay-type":"","overlay-color":"","overlay-opacity":"","overlay-gradient":""},"mobile":{"background-color":"var(--ast-global-color-4)","background-image":"","background-repeat":"repeat","background-position":"center center","background-size":"auto","background-attachment":"scroll","background-type":"","background-media":"","overlay-type":"","overlay-color":"","overlay-opacity":"","overlay-gradient":""}},"footnotes":""},"class_list":["post-664","page","type-page","status-publish","hentry"],"uagb_featured_image_src":{"full":false,"thumbnail":false,"medium":false,"medium_large":false,"large":false,"1536x1536":false,"2048x2048":false},"uagb_author_info":{"display_name":"danekma","author_link":"https:\/\/danek.net\/wiersze-i-piosenki\/author\/danekma\/"},"uagb_comment_info":0,"uagb_excerpt":"Pojawi\u0142 si\u0119 w \u015brodowisku piosenki studenckiej w Krakowie pod koniec lat osiemdziesi\u0105tych. W roku 1988 i 1989 w Studenckim Festiwalu [&hellip;]","_links":{"self":[{"href":"https:\/\/danek.net\/wiersze-i-piosenki\/wp-json\/wp\/v2\/pages\/664","targetHints":{"allow":["GET"]}}],"collection":[{"href":"https:\/\/danek.net\/wiersze-i-piosenki\/wp-json\/wp\/v2\/pages"}],"about":[{"href":"https:\/\/danek.net\/wiersze-i-piosenki\/wp-json\/wp\/v2\/types\/page"}],"author":[{"embeddable":true,"href":"https:\/\/danek.net\/wiersze-i-piosenki\/wp-json\/wp\/v2\/users\/1"}],"replies":[{"embeddable":true,"href":"https:\/\/danek.net\/wiersze-i-piosenki\/wp-json\/wp\/v2\/comments?post=664"}],"version-history":[{"count":6,"href":"https:\/\/danek.net\/wiersze-i-piosenki\/wp-json\/wp\/v2\/pages\/664\/revisions"}],"predecessor-version":[{"id":753,"href":"https:\/\/danek.net\/wiersze-i-piosenki\/wp-json\/wp\/v2\/pages\/664\/revisions\/753"}],"wp:attachment":[{"href":"https:\/\/danek.net\/wiersze-i-piosenki\/wp-json\/wp\/v2\/media?parent=664"}],"curies":[{"name":"wp","href":"https:\/\/api.w.org\/{rel}","templated":true}]}}

<div class="wp-block-uagb-container uagb-block-e29d9775 alignfull uagb-is-root-container"><div class="uagb-container-inner-blocks-wrap">
<div class="wp-block-uagb-container uagb-block-624ff3fe">
<p class="has-white-color has-text-color has-link-color wp-elements-5f547ef2fdd951a7a49af1de9a3006bf" style="font-size:18px"><em>Pojawił się w środowisku piosenki studenckiej w Krakowie pod koniec lat osiemdziesiątych. W roku 1988 i 1989 w Studenckim Festiwalu Piosenki dwukrotnie (jako jedyny w historii) otrzymał stypendium swego mistrza, Wojciecha Bellona. Stał się jedną z najpopularniejszych postaci w kręgu piosenki autorskiej, odnosił sukcesy klubowe.<br>(…) dorobek artystyczny tego śpiewajacego poety na trwałe wpisał go w poczet ważnych twórców polskiej „piosenki artystycznej”.</em></p>



<p class="has-white-color has-text-color has-link-color wp-elements-6c9b364af28109e590986b37a320c66a" style="font-size:20px">Jan Poprawa, „Trzynastu Poetów”, Wydawnictwo MCDN<br>Kraków 2003</p>
</div>



<div class="wp-block-uagb-container uagb-block-05d23933">
<p><strong>II Nagroda</strong>&nbsp;– Ogólnopolski Przegląd Piosenki Autorskiej (OPPA), Warszawa 1987</p>



<p><strong>Stypendium</strong>&nbsp;im. Wojciecha Bellona, Studencki Festiwal Piosenki, Kraków 1988</p>



<p><strong>I Nagroda</strong>&nbsp;– Przegląd Piosenki Beskidzkiej, Rzeszów 1989</p>



<p><strong>II Nagroda</strong>&nbsp;– Studencki Festiwal Piosenki, Kraków 1989</p>



<p><strong>Stypendium</strong>&nbsp;im. Wojciecha Bellona, Studencki Festiwal Piosenki, Kraków 1989</p>



<p><strong>Wyróżnienie</strong>&nbsp;za program „Pośrod Naszego Małego Świata”, zrealizowany z Tadeuszem Krokiem, Festiwal Artystyczny Młodzieży Akademickiej FAMA, Świnoujście 1989</p>



<p><strong>Wyróżnienie</strong>&nbsp;za program „Znowu Wracam”, zrealizowany z Tadeuszem Krokiem, Festiwal Artystyczny Młodzieży Akademickiej FAMA, Świnoujście 1991</p>
</div>
</div></div>

<p>Pojawił się w środowisku piosenki studenckiej w Krakowie pod koniec lat osiemdziesiątych. W roku 1988 i 1989 w Studenckim Festiwalu [&hellip;]</p>

Pojawił się w środowisku piosenki studenckiej w Krakowie pod koniec lat osiemdziesiątych. W roku 1988 i 1989 w Studenckim Festiwalu [&hellip;]
