{"id":675,"date":"2025-03-29T03:41:22","date_gmt":"2025-03-29T03:41:22","guid":{"rendered":"https:\/\/plum-salmon-961301.hostingersite.com\/?page_id=675"},"modified":"2025-04-04T22:49:14","modified_gmt":"2025-04-04T22:49:14","slug":"teksty-2","status":"publish","type":"page","link":"https:\/\/danek.net\/wiersze-i-piosenki\/teksty-2\/","title":{"rendered":"teksty"},"content":{"rendered":"\n<p><\/p>\n\n\n\n<div class=\"wp-block-uagb-container uagb-block-bde287e7 alignfull uagb-is-root-container\"><div class=\"uagb-container-inner-blocks-wrap\">\n<div class=\"wp-block-uagb-container uagb-block-064222c6\">\n<p><strong>Matka Boska spod Leskowca<br><br>Matko Boska spod Leskowca<br>ko\u0144skich parska\u0144 s\u0142uchaj\u0105ca<br>da\u0142bym Ci ja z\u0142otych jab\u0142ek\u00a0<br>da\u0142bym Ci ja miodu s\u0142o\u0144ca<br>czap\u0119 da\u0142bym Ci futrzan\u0105\u00a0<br>w sanie wsadzi\u0142 bym w niedziel\u0119<br>i do Suchej bym pojecha\u0142<br>bielute\u0144ko jak najbielej<br><br>   sanna hosanna na \u015bnie\u017cnym dywanie<br>   srebrem malowane modrzewiowe sanie<br><br>ech zawia\u0142o zasypa\u0142o<br>w poniedzia\u0142ek do roboty<br>\u015bnieg bieluchny na go\u015bci\u0144cu<br>ta\u0144czy ze \u015bladami kopyt<br>cz\u0142owiek ze mnie nieuczony<br>ale we wsi powiadaj\u0105<br>\u017ce czasami ze \u015bnie\u017cyc\u0105<br>anio\u0142owie przybywaj\u0105<br><br>   sanna hosanna na \u015bnie\u017cnym dywanie<br>   srebrem malowane modrzewiowe sanie<\/strong><\/p>\n<\/div>\n\n\n\n<div class=\"wp-block-uagb-container uagb-block-2c4a2fc5\">\n<p style=\"font-size:18px\"><strong>Bia\u0142y Wiersz II<br><br>w kr\u0119gu zakl\u0119tym zimy co przysz\u0142a wczoraj<br>zaczarowani siedzimy to ju\u017c pora<br>d\u0142onie zmarzniete noc\u0105 grzejemy w ogniu<br>po \u015bniegu biegamy boso tak dzie\u0144 po dniu<br><br>bia\u0142y wiersz ja i ty<br>s\u0142owa dwa w p\u0142atki \u015bniegu zakl\u0119te<br>s\u0142owa kt\u00f3rych nie powie nikt<br>nawet najcichszym szeptem<br><br>przez twoje czo\u0142o \u015bwietlisty przebiega r\u00f3wnik<br>na p\u00f3\u0142noc ch\u0142odna niezdobyta tundra<br>a na po\u0142udnie las bukowy kwitnie<br>ciep\u0142y i dr\u017c\u0105cy w oddechu b\u0142\u0119kitny<br><br>bia\u0142y wiersz ja i ty<br>s\u0142owa dwa w p\u0142atki \u015bniegu zakl\u0119te<br>s\u0142owa kt\u00f3rych nie powie nikt<br>nawet najcichszym szeptem<br><br>bia\u0142y wiersz ty i ja<br>s\u0142owa dwa co jak mr\u00f3z w uszy szczypi\u0105<br>dr\u017c\u0105 w s\u0142uchawce niespokojnie jak wiatr<br>zanim \u015bwiat srebrnym py\u0142em zasypie<br><br>ze \u015bladow naszych w \u015bniegu ciep\u0142\u0105 szaro\u015b\u0107<br>wydzioba\u0107 damy ptakom cho\u0107by zaraz<br>tylko czy si\u0142 nam wystarczy by bez \u017calu<br>w grudniowe zapa\u015b\u0107 zaspy za dni par\u0119\u00a0<br><br>bia\u0142y wiersz ja i ty&#8230;<\/strong><\/p>\n<\/div>\n<\/div><\/div>\n\n\n\n<div class=\"wp-block-uagb-container uagb-block-cbcc1f21 alignfull uagb-is-root-container\"><div class=\"uagb-container-inner-blocks-wrap\">\n<div class=\"wp-block-uagb-container uagb-block-8b6135a5\">\n<p><strong>Polska Wigilia<br><br>w tym twoim kolorowym li\u015bcie<br>zbyt wielu s\u0142\u00f3w ja nie rozumiem<br>my tutaj mamy polsk\u0105 wigili\u0119<br>a ty tam w \u015bwiecie co zwojujesz<br><br>u nas zadymka od tygodnia<br>dobrze pod kuchni\u0105 napalone<br>ojciec ubiera baranic\u0119<br>ju\u017c na zimow\u0105 tylko stron\u0119<br><br>czasami jeszcze wilcy strasz\u0105<br>podchodz\u0105 nam do samych okien<br>ale dop\u00f3ki ogie\u0144 p\u0142onie<br>to progi nasze dla z\u0142ego za wysokie<br><br>tam za t\u0105 twoj\u0105 cudn\u0105 granic\u0105<br>podobno \u017cycie jak na filmie<br>a u nas \u015bniegi od tygodnia<br>my tutaj mamy polsk\u0105 wigili\u0119<\/strong><\/p>\n<\/div>\n\n\n\n<div class=\"wp-block-uagb-container uagb-block-a51204ca\">\n<p><strong>Jest kilka wierszy<br><br>jest kilka wierszy kt\u00f3rych nikt za nas nie napisze<br>nut niespokojnych kt\u00f3re zawsze chcesz us\u0142ysze\u0107<br>wieczorem mro\u017anym s\u0142\u00f3w warkocze wplatam w cisz\u0119<br><br>a papier jak \u015bnieg bia\u0142y po stole si\u0119 panoszy<br>rysuj\u0119 stado ptak\u00f3w odlatuj\u0105 wierszem<br>puszystym kluczem klucz\u0105 z daleka pi\u00f3ra strosz\u0105<br><br>a pi\u00f3ro ci\u0119\u017ckie jak nad ranem z balu wraca\u0107<br>na mrozie skrzypi depcz\u0105c kartki alabaster<br>s\u0142owa zm\u0119czone spa\u0107 si\u0119 k\u0142ad\u0105 bez kolacji<br><br>a po s\u0142owa to kolejka d\u0142uga w mojej g\u0142owie<br>\u017ce samemu mnie do rana czeka\u0107 przyjdzie mo\u017ce<br>zachodz\u0119 w g\u0142ow\u0119 nieraz by bez s\u0142owa odej\u015b\u0107<br><br>jest kilka wierszy kt\u00f3rych nikt za nas nie napisze<br>o \u015bwitaniu wymykaj\u0105 si\u0119 jak z\u0142odziej<br>gwiazd najwa\u017cniejszych wskazuj\u0105cych drog\u0119<\/strong><\/p>\n<\/div>\n<\/div><\/div>\n\n\n\n<div class=\"wp-block-uagb-container uagb-block-b7bc144f alignfull uagb-is-root-container\"><div class=\"uagb-container-inner-blocks-wrap\">\n<div class=\"wp-block-uagb-container uagb-block-8ce2507a\">\n<p><strong>Wiosna<\/strong><br><br><strong> Wiosna przysz\u0142a, a to Ty by\u0142a\u015b wiosn\u0105<br>ciep\u0142ym wiatrem okryta, jak paltem<br>jeszcze kwiaty na \u015bcie\u017ckach Twych rosn\u0105<br>jeszcze rosz\u0105 si\u0119 rankiem brylanty<br><br>\u015awita ju\u017c, a Ty by\u0142a\u015b tu noc\u0105<br>jeszcze cie\u0144 Tw\u00f3j jak li\u015b\u0107 si\u0119 ko\u0142ysze<br>jeszcze gwiazdy dalekie migoc\u0105<br>Twoje kroki ju\u017c brzmi\u0105 coraz ciszej<br><br>Dooko\u0142a Ocean Spokoju<br>szumne drogi, co nigdzie nie wiod\u0105<br>i dlatego o Ciebie si\u0119 boj\u0119<br>i dlatego tak p\u0119dz\u0119 za Tob\u0105<br><br>Spad\u0142y deszcze, a to Ty by\u0142a\u015b deszczem<br>w ka\u017cdej kropli, od Ziemi do nieba<br>nad polan\u0105 mg\u0142a snuje si\u0119 jeszcze<br>a mnie Ciebie jak wiosny potrzeba<\/strong><\/p>\n<\/div>\n\n\n\n<div class=\"wp-block-uagb-container uagb-block-64a071d8\">\n<p class=\"has-medium-font-size\"><strong>Jeszcze nie koniec<\/strong><br><br><strong>to jeszcze nie koniec nocy<br>auta szumi\u0105 i \u015bwit si\u0119 ko\u0142ysze<br>a ja czekam na poci\u0105g poranny<br>w cisz\u0119\u00a0<br><br>z niebotycznych \u015bwietlistych autostrad<br>z dr\u00f3g p\u0142yn\u0105cych jak sen po horyzont<br>wiatrem pisz\u0119 dwa s\u0142owa przetrwania<br>ciep\u0142\u0105 bryz\u0105<\/strong><br><br><strong>Jeszcze nie koniec&#8230;<br><br>od tej drogi a\u017c w uszach nam dzwoni<br>mo\u017ce usi\u0105\u015b\u0107 chocia\u017cby na chwil\u0119<br>jeszcze dzie\u0144 mo\u017ce rok nam pozosta\u0142\u00a0<br>jeszcze mila\u00a0<br><br>i juz pi\u0119\u015bci zaciskam jak we \u015bnie<br>jeszcze kwadrans a mo\u017ce godzina<br>za oknami upity ksi\u0119\u017cyc<br>zima<\/strong><br><br><strong>Jeszcze nie koniec&#8230;<\/strong><\/p>\n<\/div>\n<\/div><\/div>\n","protected":false},"excerpt":{"rendered":"<p>Matka Boska spod Leskowca Matko Boska spod Leskowcako\u0144skich parska\u0144 s\u0142uchaj\u0105cada\u0142bym Ci ja z\u0142otych jab\u0142ek\u00a0da\u0142bym Ci ja miodu s\u0142o\u0144caczap\u0119 da\u0142bym Ci [&hellip;]<\/p>\n","protected":false},"author":1,"featured_media":0,"parent":0,"menu_order":0,"comment_status":"closed","ping_status":"closed","template":"","meta":{"_uag_custom_page_level_css":"","site-sidebar-layout":"default","site-content-layout":"","ast-site-content-layout":"default","site-content-style":"default","site-sidebar-style":"default","ast-global-header-display":"","ast-banner-title-visibility":"","ast-main-header-display":"","ast-hfb-above-header-display":"","ast-hfb-below-header-display":"","ast-hfb-mobile-header-display":"","site-post-title":"","ast-breadcrumbs-content":"","ast-featured-img":"","footer-sml-layout":"","ast-disable-related-posts":"","theme-transparent-header-meta":"","adv-header-id-meta":"","stick-header-meta":"","header-above-stick-meta":"","header-main-stick-meta":"","header-below-stick-meta":"","astra-migrate-meta-layouts":"default","ast-page-background-enabled":"default","ast-page-background-meta":{"desktop":{"background-color":"var(--ast-global-color-5)","background-image":"","background-repeat":"repeat","background-position":"center center","background-size":"auto","background-attachment":"scroll","background-type":"","background-media":"","overlay-type":"","overlay-color":"","overlay-opacity":"","overlay-gradient":""},"tablet":{"background-color":"","background-image":"","background-repeat":"repeat","background-position":"center center","background-size":"auto","background-attachment":"scroll","background-type":"","background-media":"","overlay-type":"","overlay-color":"","overlay-opacity":"","overlay-gradient":""},"mobile":{"background-color":"","background-image":"","background-repeat":"repeat","background-position":"center center","background-size":"auto","background-attachment":"scroll","background-type":"","background-media":"","overlay-type":"","overlay-color":"","overlay-opacity":"","overlay-gradient":""}},"ast-content-background-meta":{"desktop":{"background-color":"var(--ast-global-color-4)","background-image":"","background-repeat":"repeat","background-position":"center center","background-size":"auto","background-attachment":"scroll","background-type":"","background-media":"","overlay-type":"","overlay-color":"","overlay-opacity":"","overlay-gradient":""},"tablet":{"background-color":"var(--ast-global-color-4)","background-image":"","background-repeat":"repeat","background-position":"center center","background-size":"auto","background-attachment":"scroll","background-type":"","background-media":"","overlay-type":"","overlay-color":"","overlay-opacity":"","overlay-gradient":""},"mobile":{"background-color":"var(--ast-global-color-4)","background-image":"","background-repeat":"repeat","background-position":"center center","background-size":"auto","background-attachment":"scroll","background-type":"","background-media":"","overlay-type":"","overlay-color":"","overlay-opacity":"","overlay-gradient":""}},"footnotes":""},"class_list":["post-675","page","type-page","status-publish","hentry"],"uagb_featured_image_src":{"full":false,"thumbnail":false,"medium":false,"medium_large":false,"large":false,"1536x1536":false,"2048x2048":false},"uagb_author_info":{"display_name":"danekma","author_link":"https:\/\/danek.net\/wiersze-i-piosenki\/author\/danekma\/"},"uagb_comment_info":0,"uagb_excerpt":"Matka Boska spod Leskowca Matko Boska spod Leskowcako\u0144skich parska\u0144 s\u0142uchaj\u0105cada\u0142bym Ci ja z\u0142otych jab\u0142ek\u00a0da\u0142bym Ci ja miodu s\u0142o\u0144caczap\u0119 da\u0142bym Ci [&hellip;]","_links":{"self":[{"href":"https:\/\/danek.net\/wiersze-i-piosenki\/wp-json\/wp\/v2\/pages\/675","targetHints":{"allow":["GET"]}}],"collection":[{"href":"https:\/\/danek.net\/wiersze-i-piosenki\/wp-json\/wp\/v2\/pages"}],"about":[{"href":"https:\/\/danek.net\/wiersze-i-piosenki\/wp-json\/wp\/v2\/types\/page"}],"author":[{"embeddable":true,"href":"https:\/\/danek.net\/wiersze-i-piosenki\/wp-json\/wp\/v2\/users\/1"}],"replies":[{"embeddable":true,"href":"https:\/\/danek.net\/wiersze-i-piosenki\/wp-json\/wp\/v2\/comments?post=675"}],"version-history":[{"count":7,"href":"https:\/\/danek.net\/wiersze-i-piosenki\/wp-json\/wp\/v2\/pages\/675\/revisions"}],"predecessor-version":[{"id":720,"href":"https:\/\/danek.net\/wiersze-i-piosenki\/wp-json\/wp\/v2\/pages\/675\/revisions\/720"}],"wp:attachment":[{"href":"https:\/\/danek.net\/wiersze-i-piosenki\/wp-json\/wp\/v2\/media?parent=675"}],"curies":[{"name":"wp","href":"https:\/\/api.w.org\/{rel}","templated":true}]}}

<p></p>



<div class="wp-block-uagb-container uagb-block-bde287e7 alignfull uagb-is-root-container"><div class="uagb-container-inner-blocks-wrap">
<div class="wp-block-uagb-container uagb-block-064222c6">
<p><strong>Matka Boska spod Leskowca<br><br>Matko Boska spod Leskowca<br>końskich parskań słuchająca<br>dałbym Ci ja złotych jabłek <br>dałbym Ci ja miodu słońca<br>czapę dałbym Ci futrzaną <br>w sanie wsadził bym w niedzielę<br>i do Suchej bym pojechał<br>bieluteńko jak najbielej<br><br>   sanna hosanna na śnieżnym dywanie<br>   srebrem malowane modrzewiowe sanie<br><br>ech zawiało zasypało<br>w poniedziałek do roboty<br>śnieg bieluchny na gościńcu<br>tańczy ze śladami kopyt<br>człowiek ze mnie nieuczony<br>ale we wsi powiadają<br>że czasami ze śnieżycą<br>aniołowie przybywają<br><br>   sanna hosanna na śnieżnym dywanie<br>   srebrem malowane modrzewiowe sanie</strong></p>
</div>



<div class="wp-block-uagb-container uagb-block-2c4a2fc5">
<p style="font-size:18px"><strong>Biały Wiersz II<br><br>w kręgu zaklętym zimy co przyszła wczoraj<br>zaczarowani siedzimy to już pora<br>dłonie zmarzniete nocą grzejemy w ogniu<br>po śniegu biegamy boso tak dzień po dniu<br><br>biały wiersz ja i ty<br>słowa dwa w płatki śniegu zaklęte<br>słowa których nie powie nikt<br>nawet najcichszym szeptem<br><br>przez twoje czoło świetlisty przebiega równik<br>na północ chłodna niezdobyta tundra<br>a na południe las bukowy kwitnie<br>ciepły i drżący w oddechu błękitny<br><br>biały wiersz ja i ty<br>słowa dwa w płatki śniegu zaklęte<br>słowa których nie powie nikt<br>nawet najcichszym szeptem<br><br>biały wiersz ty i ja<br>słowa dwa co jak mróz w uszy szczypią<br>drżą w słuchawce niespokojnie jak wiatr<br>zanim świat srebrnym pyłem zasypie<br><br>ze śladow naszych w śniegu ciepłą szarość<br>wydziobać damy ptakom choćby zaraz<br>tylko czy sił nam wystarczy by bez żalu<br>w grudniowe zapaść zaspy za dni parę <br><br>biały wiersz ja i ty&#8230;</strong></p>
</div>
</div></div>



<div class="wp-block-uagb-container uagb-block-cbcc1f21 alignfull uagb-is-root-container"><div class="uagb-container-inner-blocks-wrap">
<div class="wp-block-uagb-container uagb-block-8b6135a5">
<p><strong>Polska Wigilia<br><br>w tym twoim kolorowym liście<br>zbyt wielu słów ja nie rozumiem<br>my tutaj mamy polską wigilię<br>a ty tam w świecie co zwojujesz<br><br>u nas zadymka od tygodnia<br>dobrze pod kuchnią napalone<br>ojciec ubiera baranicę<br>już na zimową tylko stronę<br><br>czasami jeszcze wilcy straszą<br>podchodzą nam do samych okien<br>ale dopóki ogień płonie<br>to progi nasze dla złego za wysokie<br><br>tam za tą twoją cudną granicą<br>podobno życie jak na filmie<br>a u nas śniegi od tygodnia<br>my tutaj mamy polską wigilię</strong></p>
</div>



<div class="wp-block-uagb-container uagb-block-a51204ca">
<p><strong>Jest kilka wierszy<br><br>jest kilka wierszy których nikt za nas nie napisze<br>nut niespokojnych które zawsze chcesz usłyszeć<br>wieczorem mroźnym słów warkocze wplatam w ciszę<br><br>a papier jak śnieg biały po stole się panoszy<br>rysuję stado ptaków odlatują wierszem<br>puszystym kluczem kluczą z daleka pióra stroszą<br><br>a pióro ciężkie jak nad ranem z balu wracać<br>na mrozie skrzypi depcząc kartki alabaster<br>słowa zmęczone spać się kładą bez kolacji<br><br>a po słowa to kolejka długa w mojej głowie<br>że samemu mnie do rana czekać przyjdzie może<br>zachodzę w głowę nieraz by bez słowa odejść<br><br>jest kilka wierszy których nikt za nas nie napisze<br>o świtaniu wymykają się jak złodziej<br>gwiazd najważniejszych wskazujących drogę</strong></p>
</div>
</div></div>



<div class="wp-block-uagb-container uagb-block-b7bc144f alignfull uagb-is-root-container"><div class="uagb-container-inner-blocks-wrap">
<div class="wp-block-uagb-container uagb-block-8ce2507a">
<p><strong>Wiosna</strong><br><br><strong> Wiosna przyszła, a to Ty byłaś wiosną<br>ciepłym wiatrem okryta, jak paltem<br>jeszcze kwiaty na ścieżkach Twych rosną<br>jeszcze roszą się rankiem brylanty<br><br>Świta już, a Ty byłaś tu nocą<br>jeszcze cień Twój jak liść się kołysze<br>jeszcze gwiazdy dalekie migocą<br>Twoje kroki już brzmią coraz ciszej<br><br>Dookoła Ocean Spokoju<br>szumne drogi, co nigdzie nie wiodą<br>i dlatego o Ciebie się boję<br>i dlatego tak pędzę za Tobą<br><br>Spadły deszcze, a to Ty byłaś deszczem<br>w każdej kropli, od Ziemi do nieba<br>nad polaną mgła snuje się jeszcze<br>a mnie Ciebie jak wiosny potrzeba</strong></p>
</div>



<div class="wp-block-uagb-container uagb-block-64a071d8">
<p class="has-medium-font-size"><strong>Jeszcze nie koniec</strong><br><br><strong>to jeszcze nie koniec nocy<br>auta szumią i świt się kołysze<br>a ja czekam na pociąg poranny<br>w ciszę <br><br>z niebotycznych świetlistych autostrad<br>z dróg płynących jak sen po horyzont<br>wiatrem piszę dwa słowa przetrwania<br>ciepłą bryzą</strong><br><br><strong>Jeszcze nie koniec&#8230;<br><br>od tej drogi aż w uszach nam dzwoni<br>może usiąść chociażby na chwilę<br>jeszcze dzień może rok nam pozostał <br>jeszcze mila <br><br>i juz pięści zaciskam jak we śnie<br>jeszcze kwadrans a może godzina<br>za oknami upity księżyc<br>zima</strong><br><br><strong>Jeszcze nie koniec&#8230;</strong></p>
</div>
</div></div>

<p>Matka Boska spod Leskowca Matko Boska spod Leskowcakońskich parskań słuchającadałbym Ci ja złotych jabłek dałbym Ci ja miodu słońcaczapę dałbym Ci [&hellip;]</p>

Matka Boska spod Leskowca Matko Boska spod Leskowcakońskich parskań słuchającadałbym Ci ja złotych jabłek dałbym Ci ja miodu słońcaczapę dałbym Ci [&hellip;]
